. Suppose -p*a + 520 = 3*d - 192, -5*d = -5*a - 1220. Suppose -4*m = 60 - d. What is the greatest common factor of 495 and m?
45
Let k = 17189 - 13790. What is the highest common factor of 4017 and k?
309
Let l be (81 + -1)*((-20)/5 - -5). Suppose l = 28*u - 23*u. Suppose -y + 6 = -0*m + m, y = 4*m + u. What is the highest common divisor of 20 and y?
4
Let v be (-21)/(315/60) - -2650. What is the highest common factor of 162 and v?
54
Suppose -8*r = 1157 - 3141. Let p = r - -102. What is the highest common divisor of p and 14?
14
Suppose -l - 28 = -2*u + l, l = -2*u + 22. Suppose -12*f - 56 = 232. Let g be (-20)/(-6) - (-8)/f. What is the highest common factor of g and u?
3
Let g = -6 + 9. Suppose 2*n - 7 = g. Suppose -46 = -2*j - d, n*j - 4*d = -d + 104. Calculate the highest common factor of 11 and j.
11
Suppose z = 5*b + 224, 4*z + 8*b = 5*b + 919. Suppose 5*w = -a - 0 + 25, 5*a - z = w. What is the highest common factor of a and 36?
9
Suppose 0 = -k + w - 36, -3*k + 0*k - 3*w - 84 = 0. Let z = k + 47. Let x be (55 - -2)*10/z. Calculate the highest common factor of x and 152.
38
Suppose 7988*l = 7972*l + 1687 + 953. Let b(g) = -g**2 + 20*g + 24. Let v be b(18). Calculate the greatest common divisor of l and v.
15
Let s be (-3 + (-75)/(-2))/((-12)/(-104)). What is the highest common factor of s and 2461?
23
Suppose 0*f = -4*x - 3*f + 11, 5*x + 3*f - 13 = 0. Let p be (-8)/36 + (x - 2441/(-9)). Calculate the highest common factor of p and 42.
21
Suppose 285*x - 210 = 278*x. Let b be ((-350)/(-8))/(2/8). Suppose 5*u - b = -x. Calculate the highest common factor of 116 and u.
29
Let m(i) = 5*i - 3. Let n be m(6). Let b = -17 - -43. Let u = 35 - b. Calculate the greatest common factor of u and n.
9
Let c(o) = 276*o + 1331. Let x be c(-4). What is the highest common factor of x and 1?
1
Let o(p) = -p**2 + 188*p - 383. Let u be o(33). What is the highest common divisor of u and 546?
182
Let l(s) = s**3 - 6*s**2 + 9*s - 1. Let c be l(4). Suppose -126 = 9*n - 207. What is the highest common factor of c and n?
3
Let t = 36087 - 36033. What is the highest common factor of t and 11961?
27
Suppose 0 = -4*z + u + 31, -5*u = 12*z - 11*z - 34. Suppose 43*v - z*v = 510. What is the greatest common factor of 45 and v?
15
Suppose 11*f - 9*f = -10, 2*a - 5*f = 37. Suppose -5*v = 13*i - 16*i - 319, 3*i = a. What is the highest common factor of 39 and v?
13
Let o be (-7 - (-2 - -1)) + (-3 - -1). Let i be ((-42)/o)/((-27)/(-504)). What is the greatest common factor of 147 and i?
49
Suppose -2*p + 370 = 3*w, -2*w + 92 = 5*p - 822. What is the highest common divisor of p and 518?
14
Let g(v) = v**3 - 10*v**2 - 23*v + 9. Let h be g(12). Suppose 0 = -h*d + 1247 + 853. What is the highest common factor of 60 and d?
20
Suppose -5*z + 6 = 26. Let p(a) = 3*a**2 + 6*a + 9. Let u be p(z). Suppose -u = -g - 10. What is the greatest common divisor of g and 207?
23
Suppose -i + q + 4 = -3*i, 0 = -5*q. Let y be (i/6)/(8770/675 + -13). Calculate the highest common divisor of 105 and y.
15
Let j(f) = 250*f + 40. Let a be j(0). What is the greatest common divisor of 1510 and a?
10
Suppose -18*o + 14*o + 2*p + 4420 = 0, 2*o + p = 2218. Calculate the greatest common factor of o and 81.
27
Let h(t) = -5*t - 19. Let f be h(-7). Suppose 9*l = 102 + 330. Let i be (0 + (-16)/(-3))/(4/l). What is the greatest common factor of f and i?
16
Let t = 35 + -23. Let i = t + -10. Suppose -18*u = 137*u - 708 - 532. What is the greatest common factor of u and i?
2
Let s be 6 + 1 + 0/3 + 23. What is the highest common factor of s and 465?
15
Let r be ((-6)/4)/((-6)/4). Let t(q) = 84*q**3 - 3*q**2 - q + 3. Let f be t(r). What is the highest common factor of 996 and f?
83
Let b = -46 - -55. Suppose 0 = 5*k - b - 6. Let x = 43 - 34. What is the greatest common factor of k and x?
3
Let u(l) = -4608*l**2 - 69*l**3 - 2*l + 4605*l**2 - 1 - l. Let m be u(-1). What is the highest common factor of 17 and m?
17
Suppose 88 = b + 5*l, -b + 2*b + l = 76. Let u = b + -71. Suppose 7*v = 3*v + 32. Calculate the highest common divisor of u and v.
2
Let g be (-157 + -2)*6*((-220)/45)/11. Calculate the highest common divisor of 106 and g.
106
Let l(s) = 118*s - 429. Let a be l(6). Calculate the highest common divisor of a and 1767.
93
Let g be 9549/18 - (-1)/(-2). Suppose -9*b + 100 = -g. Let v be ((-10)/(-3))/(2/6). What is the greatest common divisor of v and b?
10
Let a(p) = -146*p - 289. Let n be a(-3). What is the greatest common divisor of n and 9?
1
Let m = 15 + -12. Suppose 19 = -j + m*g - 8*g, 3*j + 3*g - 3 = 0. Let c be (77 + -29)/(0 - j/(-4)). Calculate the greatest common divisor of c and 352.
32
Let f be 8 + -2 + 14/((-280)/(-22100)). What is the greatest common factor of f and 11?
11
Suppose 188 - 8 = 20*k. Let a be (1 - k/7) + (-12128)/(-112). Calculate the highest common factor of a and 189.
27
Suppose 5*n = -39*z + 34*z + 13600, -5*n - 3*z + 13592 = 0. What is the highest common factor of 873 and n?
97
Let z be -1 + (-6 - -533 - 6). Suppose -248 - z = -32*h. What is the greatest common divisor of 624 and h?
24
Let y be 234 + 18 + (-4)/(-4). What is the highest common factor of y and 21505?
253
Suppose 17*z = 7*z + 5940. Let c = z + -587. Calculate the greatest common factor of 3 and c.
1
Let x = 4082 + -4018. What is the greatest common divisor of x and 424?
8
Let c = -56 + 80. Let f be (-24)/14*336/(-96). What is the greatest common divisor of c and f?
6
Let d be 62 - ((-2)/2 + 1). Let i = 290 - 579. Let m = -134 - i. What is the greatest common factor of m and d?
31
Let p be ((-16281)/(-335))/((-18)/(-480)). Calculate the greatest common factor of p and 1404.
108
Let v = 2906 - 2529. Calculate the greatest common divisor of 104 and v.
13
Let i(n) = n - 5. Let l be i(5). Suppose l*d = 3*d - 300. Suppose 0 = 4*o + 2*p + p - 74, -5*o = p - 98. What is the highest common factor of d and o?
20
Suppose 0 = -19*a + 14*a + 1705. Suppose 0 = -10*l + a + 129. What is the highest common factor of 1 and l?
1
Suppose -5*m = -76 - 14. Let h(b) = b**2 - 7*b - 6. Let q be h(8). Let w be 27/(q/(-2))*-1. What is the highest common divisor of m and w?
9
Suppose 3*n - b = -148 + 521, n - 119 = -5*b. What is the greatest common factor of 341 and n?
31
Let g(a) = 24*a + 172. Let y be g(-7). Suppose y*m - 5*c - 29 - 41 = 0, -3*m + 55 = -5*c. What is the greatest common divisor of 5 and m?
5
Let i be -9 + 13 + (-72 - -1)/(-1). Let u = 219 - i. What is the highest common factor of u and 9?
9
Suppose -2*f + 2*j + 398 = 0, -108 = 5*f + j - 1097. Let c be (-2 - -1) + 117/(-52)*(-60)/3. Calculate the highest common factor of c and f.
22
Suppose 6*y - 7 = 23. Let n = 39 + -35. Let d be n - (-28 - (-1 - -4)). Calculate the highest common divisor of d and y.
5
Let c be (-4615260)/(-280) + 6 + (-595)/98. Calculate the highest common divisor of c and 159.
53
Let a be 3 - (-360)/(-6) - -4. Let h = -52 - a. What is the greatest common factor of 17 and h?
1
Suppose -714 + 450 = -4*o. Suppose -17*f - 660 = -21*f. What is the greatest common divisor of f and o?
33
Let g(n) = n**3 - 60*n**2 - 29*n + 284. Let j be g(61). Calculate the highest common divisor of 260 and j.
52
Let q(c) = -55*c - 1357. Let f be q(-25). What is the highest common factor of f and 186?
6
Suppose 0 = -3*l - 2*c + 3*c + 19, -5*c = 2*l - 7. Let s be (2*-2)/((-6)/l). Let j be 753/s + (-1)/(-4)*3. Calculate the highest common factor of j and 21.
21
Suppose -33*u - 145 = -4897. Let f(l) = 3*l**2 - 8*l + 11. Let r be f(-5). What is the greatest common factor of r and u?
18
Suppose -7*z + 78 = 15. Let q(o) = 5*o + 9 + o + 1. Let m be q(z). Calculate the highest common divisor of m and 32.
32
Let x be (11 - 22) + 4 - 6*(-93)/2. Suppose 0 = -3*f + 3, 3*q - 5*f + 39 = 4*q. Calculate the highest common factor of x and q.
34
Let p = 4365 + -4279. Calculate the highest common divisor of p and 3956.
86
Suppose -2*f - 417 = -3*r + f, 0 = 4*r - f - 571. Let h = r + -90. Calculate the highest common factor of 90 and h.
18
Let r be -38*27/(-6)*3. Suppose -249 = -2*q + l, 5*l = -4*q + 2*l + r. Suppose m + 10 = o, -99 = o + 2*m - 121. Calculate the highest common factor of o and q.
14
Suppose -6 = 2*n, -288 = -g - 4*g - 4*n. Let d = 60723 - 60615. Calculate the highest common fac